514616?
4
What is the thousands digit of 254173?
4
What is the units digit of 40823968?
8
What is the units digit of 38580?
0
What is the hundred thousands digit of 177219?
1
What is the hundred thousands digit of 471632?
4
What is the tens digit of 702265?
6
What is the hundreds digit of 1983051?
0
What is the thousands digit of 7509554?
9
What is the units digit of 192811?
1
What is the tens digit of 283111?
1
What is the tens digit of 352355?
5
What is the millions digit of 2581830?
2
What is the units digit of 2417627?
7
What is the thousands digit of 197162?
7
What is the millions digit of 5911540?
5
What is the hundred thousands digit of 216026?
2
What is the units digit of 692845?
5
What is the thousands digit of 3800186?
0
What is the tens digit of 89405?
0
What is the hundreds digit of 29287639?
6
What is the tens digit of 601255?
5
What is the thousands digit of 7460456?
0
What is the thousands digit of 2778132?
8
What is the thousands digit of 202319?
2
What is the tens digit of 942950?
5
What is the thousands digit of 1437886?
7
What is the ten millions digit of 12061271?
1
What is the ten thousands digit of 234134?
3
What is the tens digit of 30246287?
8
What is the thousands digit of 1841870?
1
What is the tens digit of 83644?
4
What is the ten thousands digit of 816823?
1
What is the units digit of 692802?
2
What is the thousands digit of 12462951?
2
What is the tens digit of 180253?
5
What is the ten thousands digit of 12831014?
3
What is the ten thousands digit of 107468?
0
What is the thousands digit of 1469423?
9
What is the tens digit of 9087477?
7
What is the ten millions digit of 14566577?
1
What is the thousands digit of 86896?
6
What is the tens digit of 1279128?
2
What is the hundreds digit of 77883?
8
What is the thousands digit of 17307974?
7
What is the tens digit of 135470?
7
What is the tens digit of 391741?
4
What is the hundreds digit of 7380160?
1
What is the tens digit of 196042?
4
What is the ten thousands digit of 38786?
3
What is the millions digit of 1274130?
1
What is the tens digit of 1167927?
2
What is the hundred thousands digit of 827817?
8
What is the thousands digit of 1834883?
4
What is the hundreds digit of 7273064?
0
What is the hundreds digit of 4953?
9
What is the thousands digit of 863189?
3
What is the millions digit of 5298769?
5
What is the hundred thousands digit of 5315681?
3
What is the tens digit of 3198953?
5
What is the hundreds digit of 420130?
1
What is the hundred thousands digit of 966884?
9
What is the hundred thousands digit of 674608?
6
What is the hundred thousands digit of 9446032?
4
What is the tens digit of 4159376?
7
What is the thousands digit of 1230820?
0
What is the ten thousands digit of 12086231?
8
What is the tens digit of 1641106?
0
What is the ten thousands digit of 5684275?
8
What is the thousands digit of 15831308?
1
What is the ten millions digit of 34591078?
3
What is the hundred thousands digit of 1960400?
9
What is the millions digit of 20713964?
0
What is the hundred thousands digit of 6874683?
8
What is the ten thousands digit of 92579?
9
What is the thousands digit of 565814?
5
What is the thousands digit of 13760835?
0
What is the ten thousands digit of 2056464?
5
What is the hundred thousands digit of 3622967?
6
What is the thousands digit of 100153?
0
What is the hundred thousands digit of 6047103?
0
What is the units digit of 3510023?
3
What is the units digit of 379391?
1
What is the tens digit of 64214?
1
What is the hundreds digit of 446374?
3
What is the ten thousands digit of 5370661?
7
What is the thousands digit of 11049981?
9
What is the hundred thousands digit of 264741?
2
What is the hundred thousands digit of 278823?
2
What is the hundreds digit of 6731119?
1
What is the hundred thousands digit of 195985?
1
What is the thousands digit of 328622?
8
What is the millions digit of 5034639?
5
What is the units digit of 241697?
7
What is the thousands digit of 12317907?
7
What is the tens digit of 420206?
0
What is the ten thousands digit of 1892022?
9
What is the millions digit of 1146326?
1
What is the hundreds digit of 14652347?
3
What is the hundred thousands digit of 7245196?
2
What is the units digit of 265310?
0
What is the tens digit of 3110?
1
What is the tens digit of 72395?
9
What is the units digit of 117747?
7
What is the ten thousands digit of 3802546?
0
What is the tens digit of 184779?
7
What is the tens digit of 7862149?
4
What is the thousands digit of 4326594?
6
What is the ten millions digit of 11354614?
1
What is the units digit of 65523?
3
What is the hundreds digit of 102402?
4
What is the hundred thousands digit of 12717536?
7
What is the tens digit of 749351?
5
What is the units digit of 621462?
2
What is the ten thousands digit of 465504?
6
What is the millions digit of 6683880?
6
What is the hundreds digit of 14590605?
6
What is the hundred thousands digit of 2002497?
0
What is the thousands digit of 968738?
8
What is the hundreds digit of 14023308?
3
What is the units digit of 8617564?
4
What is the hundred thousands digit of 3436594?
4
What is the units digit of 14728958?
8
What is the hundred thousands digit of 349821?
3
What is the hundreds digit of 1277854?
8
What is the units digit of 22873313?
3
What is the hundred thousands digit of 789633?
7
What is the ten thousands digit of 10016102?
1
What is the units digit of 4170883?
3
What is the hundred thousands digit of 136415?
1
What is the thousands digit of 59412?
9
What is the tens digit of 1505487?
8
What is the units digit of 34891659?
9
What is the hundreds digit of 664435?
4
What is the ten thousands digit of 582159?
8
What is the millions digit of 1567468?
1
What is the tens digit of 385202?
0
What is the ten thousands digit of 6058969?
5
What is the hundreds digit of 459609?
6
What is the units digit of 19823433?
3
What is the millions digit of 1712788?
1
What is the hundreds digit of 14401?
4
What is the ten thousands digit of 20896873?
9
What is the hundreds digit of 11537888?
8
What is the tens digit of 445993?
9
What is the units digit of 5511212?
2
What is the tens digit of 1384653?
5
What is the hundreds digit of 3123531?
5
What is the ten thousands digit of 623486?
2
What is the units digit of 1617304?
4
What is the ten thousands digit of 2092039?
9
What is the ten millions digit of 19326893?
1
What is the units digit of 470616?
6
What is the ten thousands digit of 11488272?
8
What is the hundreds digit of 6527003?
0
What is the ten thousands digit of 20375?
2
What is the hundred thousands digit of 269799?
2
What is the hundred thousands digit of 9742349?
7
What is the units digit of 783750?
0
What is the hundreds digit of 476240?
2
What is the units digit of 606027?
7
What is the hundreds digit of 724229?
2
What is the units digit of 1644801?
1
What is the hundred thousands digit of 2096764?
0
What is the ten thousands digit of 517590?
1
What is the thousands digit of 15677?
5
What is the hundred thousands digit of 266685?
2
What is the hundreds digit of 1043670?
6
What is the units digit of 482280?
0
What is the hundred thousands digit of 214882?
2
What is the ten thousands digit of 229926?
2
What is the tens digit of 521219?
1
What is the ten thousands digit of 575442?
7
What is the ten thousands digit of 385180?
8
What is the hundred thousands digit of 4721208?
7
What is the tens digit of 949828?
2
What is the tens digit of 686298?
9
What is the millions digit of 1597671?
1
What is the tens digit of 378201?
0
What is the tens digit of 4218768?
6
What is the hundreds digit of 242134?
1
What is the tens digit of 128176?
7
What is the units digit of 888057?
7
What is the ten thousands digit of 1833345?
3
What is the millions digit of 1219586?
1
What is the thousands digit of 1255352?
5
What is the hundreds digit of 3175369?
3
What is the thousands digit of 814330?
4
What is the thousands digit of 344624?
4
What is the hundreds digit of 1299467?
4
What is the units digit of 3763596?
6
What is the ten thousands digit of 2993025?
9
What is the hundred thousands digit of 8123821?
1
What is the millions digit of 1539364?
1
What is the tens digit of 87205?
0
What is the tens digit of 211917?
1
What is the units digit of 225934?
4
What is the millions 